{"id":782,"date":"2023-09-07T13:33:55","date_gmt":"2023-09-07T11:33:55","guid":{"rendered":"https:\/\/wieliczka.pinb.gov.pl\/?page_id=782"},"modified":"2025-02-26T12:55:39","modified_gmt":"2025-02-26T11:55:39","slug":"informacja-o-pinb-w-tekscie-odczytywanym-maszynowo","status":"publish","type":"page","link":"https:\/\/wieliczka.pinb.gov.pl\/index.php\/informacja-o-pinb-w-tekscie-odczytywanym-maszynowo\/","title":{"rendered":"Informacja o PINB w tek\u015bcie odczytywanym maszynowo"},"content":{"rendered":"<p>Powiatowy Inspektorat Nadzoru Budowlanego jest przy ul. A. Grottgera 30 w Wieliczce.<br \/>\nInspektoratem kieruje Powiatowy Inspektor Nadzoru Budowlanego &#8211; pani Joanna Zymon.<\/p>\n<p class=\"has-foreground-color has-text-color\">Podstaw\u0119 dzia\u0142ania Powiatowego Inspektora Nadzoru Budowlanego w Wieliczce stanowi przede wszystkim\u00a0<strong>ustawa z dnia 7 lipca 1994 r. Prawo Budowlane<\/strong>\u00a0 oraz<strong>\u00a0ustawa z dnia 14 czerwca 1960 r. Kodeks post\u0119powania administracyjnego<\/strong>.<\/p>\n<p class=\"has-foreground-color has-text-color\"><strong>Zadania i kompetencje Powiatowego Inspektora Nadzoru Budowlanego<\/strong><\/p>\n<ul class=\"has-foreground-color has-text-color\">\n<li>przeniesienie decyzji o pozwoleniu na wznowienie rob\u00f3t budowlanych (art. 40 ust.\u00a02);<\/li>\n<li>przyjmowanie zawiadomie\u0144 o zamierzonym terminie rozpocz\u0119cia rob\u00f3t budowlanych, na kt\u00f3re jest wymagane pozwolenie na budow\u0119 (art. 41 ust 4);<\/li>\n<li>przyjmowanie zawiadomie\u0144 inwestora o zmianie: kierownika budowy lub rob\u00f3t, inspektora nadzoru inwestorskiego, projektanta sprawuj\u0105cego nadz\u00f3r autorski (art.\u00a044 ust. 1);<\/li>\n<li>wydawanie postanowie\u0144 i decyzji w sprawach dotycz\u0105cych obiekt\u00f3w budowlanych lub ich cz\u0119\u015bci b\u0119d\u0105cych w budowie albo wybudowanych bez wymaganego pozwolenia na budow\u0119, zg\u0142oszenia b\u0105d\u017a pomimo wniesienia sprzeciwu, a tak\u017ce w\u00a0sprawach dotycz\u0105cych rob\u00f3t budowlanych realizowanych w innych przypadkach ni\u017c w\/w wykonywanych: bez wymaganego pozwolenia na budow\u0119 albo zg\u0142oszenia lub w spos\u00f3b mog\u0105cy spowodowa\u0107 zagro\u017cenie bezpiecze\u0144stwa ludzi lub mienia b\u0105d\u017a zagro\u017cenie \u015brodowiska, lub na podstawie zg\u0142oszenia z naruszeniem art. 30 ust. 1, lub w spos\u00f3b istotnie odbiegaj\u0105cy od ustale\u0144 i warunk\u00f3w okre\u015blonych w pozwoleniu na budow\u0119 b\u0105d\u017a w przepisach (art. 48-51);<\/li>\n<li>sprawy dotycz\u0105ce przyjmowania obiekt\u00f3w budowlanych do u\u017cytkowania (art. 54, art. 55, art. 57 ust. 4, 7 i 8, art. 59, art. 59a, art. 59c ust. 1, art. 59d ust. 1, art. 59g ust. 1);<\/li>\n<li>przyjmowanie pisemnych zawiadomie\u0144 o przeprowadzonych kontrolach budynk\u00f3w o\u00a0powierzchni zabudowy przekraczaj\u0105cej 2000 m2 oraz innych obiekt\u00f3w budowlanych o powierzchni dachu przekraczaj\u0105cej 1000 m2 (art. 62 ust. 1 pkt 3);<\/li>\n<li>nakazanie przeprowadzenia kontroli stanu technicznego, a tak\u017ce przedstawienia ekspertyzy stanu technicznego obiektu budowlanego lub jego cz\u0119\u015bci w razie stwierdzenia nieodpowiedniego stanu technicznego obiektu budowlanego lub jego cz\u0119\u015bci, mog\u0105cego spowodowa\u0107 zagro\u017cenie: \u017cycia lub zdrowia ludzi, bezpiecze\u0144stwa mienia b\u0105d\u017a \u015brodowiska (art. 62 ust. 3);<\/li>\n<li>prawo \u017c\u0105dania od w\u0142a\u015bciciela lub zarz\u0105dcy obiektu budowlanego udost\u0119pnienia protoko\u0142\u00f3w z kontroli obiektu budowlanego, ocen i ekspertyz dotycz\u0105cych jego stanu technicznego, dokumentacji budowy obiektu budowlanego i dokumentacji powykonawczej oraz opracowa\u0144 projektowych i dokument\u00f3w technicznych rob\u00f3t budowlanych wykonywanych w obiekcie w toku jego u\u017cytkowania (art. 65);<\/li>\n<li>wydawanie decyzji nakazuj\u0105cych usuni\u0119cie stwierdzonych nieprawid\u0142owo\u015bci stanu technicznego obiektu budowlanego (art. 66);<\/li>\n<li>wydawanie decyzji nakazuj\u0105cych w\u0142a\u015bcicielowi lub zarz\u0105dcy, rozbi\u00f3rk\u0119 obiektu budowlanego i uporz\u0105dkowanie terenu, w przypadku gdy nieu\u017cytkowany lub niewyko\u0144czony obiekt budowlany nie nadaje si\u0119 do remontu, odbudowy lub wyko\u0144czenia (art. 67 ust. 1);<\/li>\n<li>wydawanie decyzji nakazuj\u0105cych w\u0142a\u015bcicielowi lub zarz\u0105dcy budynku przeznaczonego na pobyt ludzi opr\u00f3\u017cnienie b\u0105d\u017a wy\u0142\u0105czenie w okre\u015blonym terminie ca\u0142o\u015bci lub cz\u0119\u015bci budynku z u\u017cytkowania w przypadku bezpo\u015bredniego zagro\u017cenia zawaleniem oraz zarz\u0105dzanie: umieszczenia na budynku zawiadomienie o stanie zagro\u017cenia bezpiecze\u0144stwa ludzi lub mienia oraz o zakazie jego u\u017cytkowania, wykonania dora\u017anych zabezpiecze\u0144 i usuni\u0119cie zagro\u017cenia bezpiecze\u0144stwa ludzi lub mienia z okre\u015bleniem termin\u00f3w ich wykonania (art. 68);<\/li>\n<li>zapewnienie, na koszt w\u0142a\u015bciciela lub zarz\u0105dcy obiektu budowlanego, zastosowania niezb\u0119dnych \u015brodk\u00f3w zabezpieczaj\u0105cych, w razie konieczno\u015bci niezw\u0142ocznego podj\u0119cia dzia\u0142a\u0144 maj\u0105cych na celu usuni\u0119cie niebezpiecze\u0144stwa dla ludzi lub mienia (art. 69);<\/li>\n<li>przyjmowanie kopii protoko\u0142u z kontroli obiektu budowlanego potwierdzaj\u0105cego obowi\u0105zek usuni\u0119cia stwierdzony uszkodze\u0144 oraz uzupe\u0142nienia brak\u00f3w, kt\u00f3re mog\u0142yby spowodowa\u0107 zagro\u017cenie \u017cycia lub zdrowia ludzi, bezpiecze\u0144stwa mienia lub \u015brodowiska, a w szczeg\u00f3lno\u015bci katastrof\u0119 budowlan\u0105, po\u017car, wybuch, pora\u017cenie pr\u0105dem elektrycznym albo zatrucie gazem; przeprowadzanie kontroli obiektu budowlanego w celu potwierdzenia usuni\u0119cia stwierdzonych uszkodze\u0144 oraz uzupe\u0142nienia brak\u00f3w (art. 70 ust. 2);<\/li>\n<li>sprawy dotycz\u0105ce zmiany sposobu u\u017cytkowania obiektu budowlanego lub jego cz\u0119\u015bci bez wymaganego zg\u0142oszenia (art. 71a);<\/li>\n<li>prowadzenie post\u0119powa\u0144 wyja\u015bniaj\u0105cych w sprawie przyczyn katastrof budowlanych (art. 74);<\/li>\n<li>przyjmowanie zawiadomie\u0144 o katastrofach budowlanych (art. 75 ust 1 pkt 3 lit. a);<\/li>\n<li>obowi\u0105zek niezw\u0142ocznego powo\u0142ania, po otrzymaniu zawiadomienia o katastrofie budowlanej, komisji w celu ustalenia przyczyn i okoliczno\u015bci katastrofy oraz zakresu czynno\u015bci niezb\u0119dnych do likwidacji zagro\u017cenia bezpiecze\u0144stwa ludzi lub mienia (art.\u00a076);<\/li>\n<li>obowi\u0105zek niezw\u0142ocznego zawiadomienia o katastrofie budowlanej w\u0142a\u015bciwego organu nadzoru budowlanego wy\u017cszego stopnia oraz G\u0142\u00f3wnego Inspektora Nadzoru Budowlanego (art. 76);<\/li>\n<li>mo\u017cliwo\u015b\u0107 nakazania w\u0142a\u015bcicielowi lub zarz\u0105dcy, w drodze decyzji, zabezpieczenia miejsca katastrofy oraz obiektu budowlanego, kt\u00f3ry uleg\u0142 katastrofie, uporz\u0105dkowania terenu lub wykonania innych niezb\u0119dnych czynno\u015bci i rob\u00f3t budowlanych (art. 76);<\/li>\n<li>wydawanie decyzji okre\u015blaj\u0105cych zakres i termin wykonania niezb\u0119dnych rob\u00f3t w\u00a0celu uporz\u0105dkowania terenu katastrofy budowlanej i zabezpieczenia obiektu budowlanego do czasu wykonania rob\u00f3t doprowadzaj\u0105cych obiekt do stanu w\u0142a\u015bciwego (art. 78);<\/li>\n<li>zg\u0142aszanie wniosk\u00f3w dotycz\u0105cych wszcz\u0119cia post\u0119powania w sprawie odpowiedzialno\u015bci zawodowej w budownictwie.<\/li>\n<\/ul>\n","protected":false},"excerpt":{"rendered":"<p>Powiatowy Inspektorat Nadzoru Budowlanego jest przy ul. A. Grottgera 30 w Wieliczce. Inspektoratem kieruje Powiatowy Inspektor Nadzoru Budowlanego &#8211; pani Joanna Zymon. Podstaw\u0119 dzia\u0142ania Powiatowego Inspektora Nadzoru Budowlanego w Wieliczce stanowi przede wszystkim\u00a0ustawa z dnia 7 lipca 1994 r. Prawo Budowlane\u00a0 oraz\u00a0ustawa z dnia 14 czerwca 1960 r. Kodeks post\u0119powania administracyjnego. Zadania i kompetencje Powiatowego [&hellip;]<\/p>\n","protected":false},"author":1,"featured_media":0,"parent":0,"menu_order":0,"comment_status":"closed","ping_status":"closed","template":"","meta":{"footnotes":""},"class_list":["post-782","page","type-page","status-publish","hentry"],"_links":{"self":[{"href":"https:\/\/wieliczka.pinb.gov.pl\/index.php\/wp-json\/wp\/v2\/pages\/782","targetHints":{"allow":["GET"]}}],"collection":[{"href":"https:\/\/wieliczka.pinb.gov.pl\/index.php\/wp-json\/wp\/v2\/pages"}],"about":[{"href":"https:\/\/wieliczka.pinb.gov.pl\/index.php\/wp-json\/wp\/v2\/types\/page"}],"author":[{"embeddable":true,"href":"https:\/\/wieliczka.pinb.gov.pl\/index.php\/wp-json\/wp\/v2\/users\/1"}],"replies":[{"embeddable":true,"href":"https:\/\/wieliczka.pinb.gov.pl\/index.php\/wp-json\/wp\/v2\/comments?post=782"}],"version-history":[{"count":2,"href":"https:\/\/wieliczka.pinb.gov.pl\/index.php\/wp-json\/wp\/v2\/pages\/782\/revisions"}],"predecessor-version":[{"id":1037,"href":"https:\/\/wieliczka.pinb.gov.pl\/index.php\/wp-json\/wp\/v2\/pages\/782\/revisions\/1037"}],"wp:attachment":[{"href":"https:\/\/wieliczka.pinb.gov.pl\/index.php\/wp-json\/wp\/v2\/media?parent=782"}],"curies":[{"name":"wp","href":"https:\/\/api.w.org\/{rel}","templated":true}]}}