{"id":3,"date":"2022-11-30T14:05:30","date_gmt":"2022-11-30T13:05:30","guid":{"rendered":"http:\/\/wieliczka.pinb.gov.pl\/?page_id=3"},"modified":"2025-02-26T13:37:51","modified_gmt":"2025-02-26T12:37:51","slug":"rodo","status":"publish","type":"page","link":"https:\/\/wieliczka.pinb.gov.pl\/index.php\/rodo\/","title":{"rendered":"RODO"},"content":{"rendered":"\r\n<div class=\"wp-block-group alignwide has-cyan-bluish-gray-color has-text-color is-vertical is-content-justification-left is-layout-flex wp-container-core-group-is-layout-ab285ada wp-block-group-is-layout-flex\">\r\n<div class=\"wp-block-group alignwide\" style=\"padding: 0;\">\r\n<div class=\"wp-block-group\">\r\n<p class=\"has-foreground-color has-text-color\" style=\"text-align: center;\"><strong>OBOWI\u0104ZEK INFORMACYJNY<\/strong><\/p>\r\n<p class=\"has-foreground-color has-text-color\" style=\"text-align: justify;\">Na podstawie artyku\u0142u 13 ust\u0119p 1 i 2 Rozporz\u0105dzenia Parlamentu Europejskiego i Rady (Unii Europejskiej) 2016\/679 z 27 kwietnia 2016 roku w sprawie ochrony os\u00f3b fizycznych w zwi\u0105zku z przetwarzaniem danych osobowych i w sprawie swobodnego przep\u0142ywu takich danych oraz uchylenia dyrektywy 95\/46\/WE (Dziennik Ustaw Unii Europejskiej L z 2016 roku Numer 119, s.1 ze zmianami) &#8211; dalej: \u201eRODO\u201d informuj\u0119, \u017ce:<\/p>\r\n<ol class=\"has-foreground-color has-text-color\" style=\"text-align: justify;\" start=\"1\" type=\"1\">\r\n<li>Administratorem Pa\u0144stwa danych jest Powiatowy Inspektor Nadzoru Budowlanego w Wieliczce z siedzib\u0105 w Wieliczce (32-020) przy ulicy Grottgera 30 kontakt: adres e-mail:info@wieliczka.pinb.gov.p, epuap: \/pinbwieliczka\/skrytka lub pisemnie na adres siedziby administratora jak r\u00f3wnie\u017c osobi\u015bcie.<\/li>\r\n<li>Administrator wyznaczy\u0142 Inspektora Ochrony Danych, z kt\u00f3rym mog\u0105 si\u0119 Pa\u0144stwo kontaktowa\u0107 we wszystkich sprawach dotycz\u0105cych przetwarzania danych osobowych za po\u015brednictwem adresu email: inspektor@cbi24.pl lub pisemnie na adres Administratora.<\/li>\r\n<li>Dane osobowe przetwarzane b\u0119d\u0105 w celu wype\u0142nienia obowi\u0105zku prawnego ci\u0105\u017c\u0105cego na administratorze wynikaj\u0105cego z artyku\u0142u 6 ust\u0119p 1 punkt c RODO, zwi\u0105zanego z prowadzeniem post\u0119powa\u0144 administracyjnych, a wynikaj\u0105cego z ustawy z dnia 14 czerwca 1960 roku Kodeks post\u0119powania administracyjnego (to jest Dziennik Ustaw 2018.2096 ze zmianami), ustawy z dnia 7 lipca 1994 r. Prawo budowlane (to jest Dziennik Ustaw 2018.1202 ze zmianami), ustawy z dnia 17 czerwca 1966 roku o post\u0119powaniu egzekucyjnym w administracji (Dziennik Ustaw 2018.1314 ze zmianami), oraz gdy przetwarzanie jest niezb\u0119dne do wykonania zadania realizowanego w interesie publicznym lub w ramach sprawowania w\u0142adzy publicznej powierzonej administratorowi.<\/li>\r\n<li>Pa\u0144stwa dane osobowe b\u0119d\u0105 przetwarzane przez okres niezb\u0119dny do realizacji ww. celu z uwzgl\u0119dnieniem okres\u00f3w przechowywania okre\u015blonych w przepisach szczeg\u00f3lnych, w tym przepis\u00f3w archiwalnych.<\/li>\r\n<li>Pa\u0144stwa dane nie b\u0119d\u0105 przetwarzane w spos\u00f3b zautomatyzowany, w tym nie b\u0119d\u0105 podlega\u0107 profilowaniu.<\/li>\r\n<li>Pa\u0144stwa dane osobowych nie b\u0119d\u0105 przekazywane poza Europejski Obszar Gospodarczy (obejmuj\u0105cy Uni\u0119 Europejsk\u0105, Norwegi\u0119, Liechtenstein i Islandi\u0119).<\/li>\r\n<\/ol>\r\n<\/div>\r\n<ul class=\"has-foreground-color has-text-color\" style=\"text-align: justify;\">\r\n<li>W zwi\u0105zku z przetwarzaniem Pa\u0144stwa danych osobowych, przys\u0142uguj\u0105 Pa\u0144stwu nast\u0119puj\u0105ce prawa: prawo dost\u0119pu do swoich danych oraz otrzymania ich kopii;<\/li>\r\n<li>prawo do sprostowania (poprawiania) swoich danych osobowych;<\/li>\r\n<li>prawo do ograniczenia przetwarzania danych osobowych;<\/li>\r\n<li>prawo wniesienia skargi do Prezesa Urz\u0119du Ochrony Danych Osobowych (ulica Stawki 2, 00-193 Warszawa), w\u00a0sytuacji, gdy uzna Pani\/Pan, \u017ce przetwarzanie danych osobowych narusza przepisy og\u00f3lnego rozporz\u0105dzenia o ochronie danych osobowych (RODO);<\/li>\r\n<\/ul>\r\n<ol class=\"has-foreground-color has-text-color\" style=\"text-align: justify;\" start=\"7\" type=\"1\">\r\n<li style=\"text-align: justify;\">Podanie przez Pa\u0144stwa danych osobowych jest obowi\u0105zkowe. Nieprzekazanie danych skutkowa\u0107 b\u0119dzie brakiem realizacji celu, o kt\u00f3rym mowa w punkcie 3.<\/li>\r\n<li style=\"text-align: justify;\">Pa\u0144stwa dane mog\u0105 zosta\u0107 przekazane podmiotom zewn\u0119trznym na podstawie umowy powierzenia przetwarzania danych osobowych, a tak\u017ce podmiotom lub organom uprawnionym na podstawie przepis\u00f3w prawa (strony post\u0119powania, ich \u00a0pe\u0142nomocnicy, przedstawiciele stron (je\u015bli w danej sprawie wyst\u0119puj\u0105), uprawnieni na podstawie przepis\u00f3w prawa do dost\u0119pu do akt sprawy)<\/li>\r\n<\/ol>\r\n<p class=\"has-text-align-center has-foreground-color has-text-color\" style=\"text-align: center;\"><strong>INSPEKTOR OCHRONY DANYCH<\/strong><\/p>\r\n<p class=\"has-foreground-color has-text-color\" style=\"text-align: justify;\">Administrator wyznaczy\u0142 Inspektora Ochrony Danych, z kt\u00f3rym mog\u0105 si\u0119 Pa\u0144stwo kontaktowa\u0107 we wszystkich sprawach dotycz\u0105cych przetwarzania danych osobowych.<\/p>\r\n<p class=\"has-foreground-color has-text-color\" style=\"text-align: center;\"><strong>DANE KONTAKTOWE INSPEKTORA OCHRONY DANYCH OSOBOWYCH:<\/strong><\/p>\r\n<p class=\"has-foreground-color has-text-color\" style=\"text-align: justify;\">Adam Ziemi\u0144ski<br \/>Inspektor Ochrony Danych<br \/>inspektor@sbi24.pl<br \/>telefon: +48 575-822-007<\/p>\r\n<div class=\"elementor-element elementor-element-e1e82c7 elementor-widget elementor-widget-heading\" data-id=\"e1e82c7\" data-element_type=\"widget\" data-widget_type=\"heading.default\">\r\n<div class=\"elementor-widget-container\">\r\n<p class=\"elementor-heading-title elementor-size-default\" style=\"text-align: center;\"><span style=\"color: #000000;\"><strong>POLITYKA COOKIES<br \/><\/strong><\/span><\/p>\r\n<\/div>\r\n<\/div>\r\n<div class=\"elementor-element elementor-element-769b833 elementor-widget elementor-widget-text-editor\" data-id=\"769b833\" data-element_type=\"widget\" data-widget_type=\"text-editor.default\">\r\n<div class=\"elementor-widget-container\">\r\n<p style=\"text-align: justify;\"><span style=\"color: #000000;\">Strona internetowa, kt\u00f3r\u0105 przegl\u0105dasz zapisuje na Twoim komputerze tzw. pliki cookie. Pliki te s\u0142u\u017c\u0105 g\u0142\u00f3wnie do identyfikacji Ciebie na stronie. Przechowywany jest w nich identyfikator Twojej sesji, dzi\u0119ki czemu strona wie jakie tre\u015bci ma Ci wy\u015bwietli\u0107 (np. Twoje prywatne wiadomo\u015bci).<\/span><\/p>\r\n<p style=\"text-align: justify;\"><span style=\"color: #000000;\">Z plik\u00f3w cookie korzystaj\u0105 te\u017c r\u00f3\u017cne skrypty, kt\u00f3re zbieraj\u0105 na tej stronie informacje statystyczne, dzi\u0119ki czemu jej administratorzy wiedz\u0105 jakie tre\u015bci najcz\u0119\u015bciej s\u0105 ogl\u0105dane, a tym samym mog\u0105 dopasowa\u0107 zawarto\u015b\u0107 strony do oczekiwa\u0144 u\u017cytkownik\u00f3w. Na podobnej zasadzie dzia\u0142aj\u0105 skrypty przedsi\u0119biorstw handlowych, kt\u00f3re wy\u015bwietlaj\u0105 na stronach reklamy. Dzi\u0119ki plikom cookie mog\u0105 sprawdzi\u0107 na jakie strony wchodzi\u0142e\u015b i przez to wiedz\u0105 jakie reklamy ci wy\u015bwietli\u0107 (np. je\u015bli wchodzi\u0142e\u015b na strony z ksi\u0105\u017ckami to w boxach reklamowych w\u0142a\u015bnie reklamy ksi\u0105\u017cek zostan\u0105 ci zaprezentowane).<\/span><\/p>\r\n<p>&nbsp;<\/p>\r\n<p><span style=\"color: #000000;\">Je\u015bli nie chcesz aby ta strona zapisywa\u0142a pliki cookies na Twoim komputerze mo\u017cesz je wy\u0142\u0105czy\u0107 (mo\u017ce si\u0119 to jednak wi\u0105za\u0107 z niemo\u017cliwo\u015bci\u0105 korzystania ze strony).<\/span><\/p>\r\n<p><span style=\"color: #000000;\"><strong>Mozilla Firefox:<\/strong>\u00a0W menu \u201eNarz\u0119dzia\u201d wybierz \u201eOpcje\u201d i w nich zak\u0142adk\u0119 \u201ePrywatno\u015b\u0107\u201d\u00a0 (przegl\u0105darka daje Ci mo\u017cliwo\u015b\u0107 zaznaczenia, \u017ce nie chcesz by\u0107 \u015bledzony w og\u00f3le albo usuni\u0119cia pojedynczych ciasteczek poszczeg\u00f3lnych witryn).<\/span><\/p>\r\n<p><span style=\"color: #000000;\"><strong>Microsoft Internet Explorer:<\/strong>\u00a0W menu \u201eNarz\u0119dzia\u201d wybierz \u201eOpcje internetowe\u201d i w nich zak\u0142adk\u0119 \u201ePrywatno\u015b\u0107\u201d (specjalnym suwakiem mo\u017cesz regulowa\u0107 og\u00f3lny poziom prywatno\u015bci albo przyciskiem \u201eWitryny\u201d zarz\u0105dza\u0107 ustawieniami poszczeg\u00f3lnych serwis\u00f3w internetowych).<\/span><\/p>\r\n<p><span style=\"color: #000000;\"><strong>Google Chrome:<\/strong>\u00a0W menu ukrytym pod trzema poziomymi kreseczkami w prawym g\u00f3rnym rogu przegl\u0105darki wybierz \u201eNarz\u0119dzia\u201d a potem \u201eWyczy\u015b\u0107 dane przegl\u0105dania\u2026\u201d. Opr\u00f3cz mo\u017cliwo\u015bci czyszczenia plik\u00f3w cookie, znajduje si\u0119 tam link \u201eWi\u0119cej informacji\u201d, kt\u00f3ry prowadzi do szczeg\u00f3\u0142owego opisu funkcji prywatno\u015bci przegl\u0105darki.<\/span><\/p>\r\n<p><span style=\"color: #000000;\"><strong>Opera:<\/strong>\u00a0Przyciskiem \u201eOpera\u201d w lewym g\u00f3rnym rogu otw\u00f3rz menu i wybierz w nim \u201eUstawienia\u201d i dalej \u201eWyczy\u015b\u0107 histori\u0119 przegl\u0105dania\u2026\u201d (opr\u00f3cz mo\u017cliwo\u015bci skasowania ju\u017c ustawionych plik\u00f3w cookie, jest tam te\u017c przycisk \u201eZarz\u0105dzaj ciasteczkami\u2026\u201d prowadz\u0105cy do bardziej zaawansowanych opcji dla poszczeg\u00f3lnych witryn).<\/span><\/p>\r\n<p><span style=\"color: #000000;\"><strong>Apple Safari:<\/strong>\u00a0W menu \u201eSafari\u201d wybierz \u201ePreferencje\u201d i w nich zak\u0142adk\u0119 \u201ePrywatno\u015b\u0107\u201d (znajdziesz w niej liczne opcje dotycz\u0105ce plik\u00f3w cookie).<\/span><\/p>\r\n<p><span style=\"color: #000000;\"><strong>W telefonach kom\u00f3rkowych, tabletach i innych urz\u0105dzeniach mobilnych<\/strong><\/span><br \/><span style=\"color: #000000;\">Ka\u017cdy model telefonu mo\u017ce t\u0119 funkcj\u0119 obs\u0142ugiwa\u0107 w inny spos\u00f3b. Dlatego zach\u0119camy do zapoznania si\u0119 z opcjami prywatno\u015bci w dokumentacji na stronie internetowej producenta Twojego urz\u0105dzenia mobilnego.<\/span><\/p>\r\n<p>&nbsp;<\/p>\r\n<\/div>\r\n<div class=\"elementor-element elementor-element-7a147f7 elementor-widget elementor-widget-heading\" data-id=\"7a147f7\" data-element_type=\"widget\" data-widget_type=\"heading.default\">\r\n<div class=\"elementor-widget-container\">\r\n<p class=\"elementor-heading-title elementor-size-default\" style=\"text-align: center;\"><span style=\"color: #000000;\"><strong>REGULAMIN KORZYSTANIA Z SERWISU<br \/><\/strong><\/span><\/p>\r\n<\/div>\r\n<\/div>\r\n<div class=\"elementor-element elementor-element-6db1b19 elementor-widget elementor-widget-text-editor\" data-id=\"6db1b19\" data-element_type=\"widget\" data-widget_type=\"text-editor.default\">\r\n<div class=\"elementor-widget-container\">\r\n<ol>\r\n<li style=\"color: #000000;\"><span style=\"color: #000000;\">Portal funkcjonuj\u0105cy pod domen\u0105\u00a0<strong>www.wieliczka.pinb.gov.pl<\/strong> jest prowadzony przez <strong>Powiatowy Inspektorat Nadzoru Budowlanego w Wieliczce ul. Grottgera 30, 32-020 Wieliczka<\/strong><\/span><\/li>\r\n<li style=\"color: #000000;\"><span style=\"color: #000000;\">W ramach portalu u\u017cytkownik mo\u017ce przegl\u0105da\u0107 jego zasoby. Na portalu nie ma mo\u017cliwo\u015bci komentowania informacji, kt\u00f3re si\u0119 w nim pojawiaj\u0105.<\/span><\/li>\r\n<li style=\"color: #000000;\"><span style=\"color: #000000;\">Z portalu mo\u017ce korzysta\u0107 ka\u017cdy u\u017cytkownik.<\/span><\/li>\r\n<li style=\"color: #000000;\"><span style=\"color: #000000;\">Korzystanie z portalu jest dobrowolne i nie pobiera si\u0119 z tego tytu\u0142u \u017cadnych op\u0142at.<\/span><\/li>\r\n<li style=\"color: #000000;\"><span style=\"color: #000000;\">Prowadz\u0105cy stron\u0119 www nie odpowiada za b\u0142\u0119dy lub przerwy w funkcjonowaniu strony wynik\u0142e z przyczyn od niego niezale\u017cnych, w szczeg\u00f3lno\u015bci powsta\u0142e na skutek dzia\u0142a\u0144 u\u017cytkownik\u00f3w niezgodnych z przepisami prawa lub og\u00f3lnymi zasadami korzystania z Internetu (etykiet\u0105) lub z powodu dzia\u0142ania si\u0142y wy\u017cszej.<\/span><\/li>\r\n<li style=\"color: #000000;\"><span style=\"color: #000000;\">Prowadz\u0105cy stron\u0119 www zastrzega sobie prawo do zarz\u0105dzania czasowych przerw w funkcjonowaniu portalu, w szczeg\u00f3lno\u015bci w przypadku konieczno\u015bci przeprowadzenia napraw, konserwacji, modernizacji lub rozbudowy system\u00f3w obs\u0142uguj\u0105cych Portal.<\/span><\/li>\r\n<li style=\"color: #000000;\"><span style=\"color: #000000;\">Portal nie ponosi odpowiedzialno\u015bci za tre\u015bci zawarte na stronie portalu a pochodz\u0105ce z innych \u017ar\u00f3de\u0142.<\/span><\/li>\r\n<\/ol>\r\n<\/div>\r\n<\/div>\r\n<\/div>\r\n<\/div>\r\n<\/div>\r\n","protected":false},"excerpt":{"rendered":"<p>OBOWI\u0104ZEK INFORMACYJNY Na podstawie artyku\u0142u 13 ust\u0119p 1 i 2 Rozporz\u0105dzenia Parlamentu Europejskiego i Rady (Unii Europejskiej) 2016\/679 z 27 kwietnia 2016 roku w sprawie ochrony os\u00f3b fizycznych w zwi\u0105zku z przetwarzaniem danych osobowych i w sprawie swobodnego przep\u0142ywu takich danych oraz uchylenia dyrektywy 95\/46\/WE (Dziennik Ustaw Unii Europejskiej L z 2016 roku Numer 119, [&hellip;]<\/p>\n","protected":false},"author":1,"featured_media":0,"parent":0,"menu_order":0,"comment_status":"closed","ping_status":"open","template":"","meta":{"footnotes":""},"class_list":["post-3","page","type-page","status-publish","hentry"],"_links":{"self":[{"href":"https:\/\/wieliczka.pinb.gov.pl\/index.php\/wp-json\/wp\/v2\/pages\/3","targetHints":{"allow":["GET"]}}],"collection":[{"href":"https:\/\/wieliczka.pinb.gov.pl\/index.php\/wp-json\/wp\/v2\/pages"}],"about":[{"href":"https:\/\/wieliczka.pinb.gov.pl\/index.php\/wp-json\/wp\/v2\/types\/page"}],"author":[{"embeddable":true,"href":"https:\/\/wieliczka.pinb.gov.pl\/index.php\/wp-json\/wp\/v2\/users\/1"}],"replies":[{"embeddable":true,"href":"https:\/\/wieliczka.pinb.gov.pl\/index.php\/wp-json\/wp\/v2\/comments?post=3"}],"version-history":[{"count":26,"href":"https:\/\/wieliczka.pinb.gov.pl\/index.php\/wp-json\/wp\/v2\/pages\/3\/revisions"}],"predecessor-version":[{"id":1059,"href":"https:\/\/wieliczka.pinb.gov.pl\/index.php\/wp-json\/wp\/v2\/pages\/3\/revisions\/1059"}],"wp:attachment":[{"href":"https:\/\/wieliczka.pinb.gov.pl\/index.php\/wp-json\/wp\/v2\/media?parent=3"}],"curies":[{"name":"wp","href":"https:\/\/api.w.org\/{rel}","templated":true}]}}