{"id":23,"date":"2022-12-01T07:52:15","date_gmt":"2022-12-01T06:52:15","guid":{"rendered":"http:\/\/wieliczka.pinb.gov.pl\/?page_id=23"},"modified":"2025-12-10T14:03:28","modified_gmt":"2025-12-10T13:03:28","slug":"kontakt","status":"publish","type":"page","link":"https:\/\/wieliczka.pinb.gov.pl\/index.php\/kontakt\/","title":{"rendered":"KONTAKT"},"content":{"rendered":"\r\n<div class=\"wp-block-group alignwide has-cyan-bluish-black-color has-text-color is-vertical is-layout-flex wp-container-core-group-is-layout-e89a6ecf wp-block-group-is-layout-flex\">\r\n<p id=\"a11y-deklaracja\" class=\"has-foreground-color has-text-color\" style=\"text-align: center;\"><span style=\"color: #000000;\"><strong>Powiatowy Inspektorat Nadzoru Budowlanego w Wieliczce<\/strong><\/span><\/p>\r\n<span style=\"color: #000000;\">\r\n\r\n<\/span>\r\n<p class=\"has-text-align-center\" style=\"text-align: center;\"><span style=\"color: #000000;\">ul. A. Grottgera 30, 32-020 Wieliczka<\/span><\/p>\r\n<p class=\"has-text-align-center\" style=\"text-align: center;\"><span style=\"color: #000000;\"><iframe loading=\"lazy\" style=\"border: 0;\" src=\"https:\/\/www.google.com\/maps\/embed?pb=!1m18!1m12!1m3!1d2564.950162501006!2d20.070217976829525!3d49.99354382015637!2m3!1f0!2f0!3f0!3m2!1i1024!2i768!4f13.1!3m3!1m2!1s0x4716415ea3a26ef9%3A0x8d138eb201d7ea8e!2sArtura%20Grottgera%2030!5e0!3m2!1spl!2spl!4v1730378017135!5m2!1spl!2spl\" width=\"300\" height=\"200\" allowfullscreen=\"allowfullscreen\"><\/iframe><\/span><\/p>\r\n<p style=\"text-align: left;\"><span style=\"color: #000000;\"><img loading=\"lazy\" decoding=\"async\" class=\"wp-image-1043 alignleft\" src=\"https:\/\/wieliczka.pinb.gov.pl\/wp-content\/uploads\/2025\/02\/IMG_9708-300x225.jpg\" alt=\"\" width=\"1025\" height=\"769\" srcset=\"https:\/\/wieliczka.pinb.gov.pl\/wp-content\/uploads\/2025\/02\/IMG_9708-300x225.jpg 300w, https:\/\/wieliczka.pinb.gov.pl\/wp-content\/uploads\/2025\/02\/IMG_9708-1024x768.jpg 1024w, https:\/\/wieliczka.pinb.gov.pl\/wp-content\/uploads\/2025\/02\/IMG_9708-768x576.jpg 768w, https:\/\/wieliczka.pinb.gov.pl\/wp-content\/uploads\/2025\/02\/IMG_9708-1536x1152.jpg 1536w, https:\/\/wieliczka.pinb.gov.pl\/wp-content\/uploads\/2025\/02\/IMG_9708-2048x1536.jpg 2048w\" sizes=\"auto, (max-width: 1025px) 100vw, 1025px\" \/><\/span><\/p>\r\n\r\n\r\n\r\n<p class=\"has-text-align-left\" style=\"text-align: left;\"><span style=\"color: #000000;\"><strong>Telefon:<\/strong><\/span><\/p>\r\n<ul>\r\n<li class=\"has-text-align-left\" style=\"text-align: left;\"><a style=\"color: #000000;\" href=\"tel: +48122880488\">12 288 04 88<\/a><span style=\"color: #000000;\"> &#8211; Sekretariat<\/span><\/li>\r\n<li class=\"has-text-align-left\" style=\"text-align: left;\"><span style=\"color: #000000;\"><a style=\"color: #000000;\" href=\"tel: +48122880488\">12 288 04 88<\/a> wewn\u0119trzny 13 &#8211; Niepo\u0142omice Gmina, Niepo\u0142omice Miasto, K\u0142aj Gmina<\/span><\/li>\r\n<li class=\"has-text-align-left\" style=\"text-align: left;\"><span style=\"color: #000000;\"><a style=\"color: #000000;\" href=\"tel: +48122880488\">12 288 04 88<\/a> wewn\u0119trzny 14 &#8211; U\u017cytkowania, Wieliczka Gmina<\/span><\/li>\r\n<li class=\"has-text-align-left\" style=\"text-align: left;\"><span style=\"color: #000000;\"><a style=\"color: #000000;\" href=\"tel: +48122880488\">12 288 04 88<\/a> wewn\u0119trzny 15 &#8211; Wieliczka Miasto, Gd\u00f3w Gmina, Biskupice Gmina<\/span><\/li>\r\n<\/ul>\r\n<p><span style=\"color: #000000;\"><strong>E-mail:<\/strong><\/span><\/p>\r\n<ul>\r\n<li style=\"text-align: left;\"><span style=\"color: #000000;\">info@wieliczka.pinb.gov.pl<\/span><\/li>\r\n<\/ul>\r\n<p><span style=\"color: #000000;\"><strong>e-PUAP<\/strong><\/span><\/p>\r\n<ul>\r\n<li><span style=\"color: #000000;\"><a style=\"color: #000000;\" href=\"https:\/\/epuap.gov.pl\/wps\/portal\/strefa-klienta\/katalog-spraw\/opis-uslugi\/skargi-wnioski-zapytania-do-urzedu\/pinbwieliczka\">e-PUAP<\/a><\/span><\/li>\r\n<\/ul>\r\n<p><strong>Adres do e-dor\u0119cze\u0144:<\/strong><\/p>\r\n<\/div>\r\n<ul class=\"ng-scope\">\r\n<li>AE:PL-76229-65459-DHBRU-15<\/li>\r\n<\/ul>\r\n<p>&nbsp;<\/p>\r\n<p class=\"ng-scope\"><span style=\"color: #000000;\"><strong>Godziny urz\u0119dowania:<\/strong><\/span><\/p>\r\n<p>&nbsp;<\/p>\r\n<ul class=\"ng-scope\">\r\n<li><span style=\"color: #000000;\">Poniedzia\u0142ek: 8:00 &#8211; 18:00<\/span><\/li>\r\n<li><span style=\"color: #000000;\">Wtorek &#8211; Pi\u0105tek: 7:30 &#8211; 15:30\u00a0<\/span><\/li>\r\n<li><span style=\"color: #000000;\">\u015aroda: dzie\u0144 wewn\u0119trzny (bez przyjmowania stron) <\/span><\/li>\r\n<\/ul>\r\n<p>&nbsp;<\/p>\r\n<p><span style=\"color: #000000;\"><strong>Dziennik podawczy czynny w godzinach:<\/strong><\/span><\/p>\r\n<p>&nbsp;<\/p>\r\n<ul class=\"ng-scope\">\r\n<li><span style=\"color: #000000;\">Poniedzia\u0142ek: 8:00 &#8211; 18:00<\/span><\/li>\r\n<li><span style=\"color: #000000;\">Wtorek &#8211; Pi\u0105tek: 7:30 &#8211; 15:00<\/span><\/li>\r\n<\/ul>\r\n<p><span style=\"color: #000000;\"><\/span><\/p>\r\n<p>&nbsp;<\/p>\r\n<p><span style=\"color: #000000;\"><!-- \/wp:post-content --><\/span><\/p>\r\n<p>&nbsp;<\/p>\r\n<!-- \/wp:group -->","protected":false},"excerpt":{"rendered":"<p>Powiatowy Inspektorat Nadzoru Budowlanego w Wieliczce ul. A. Grottgera 30, 32-020 Wieliczka Telefon: 12 288 04 88 &#8211; Sekretariat 12 288 04 88 wewn\u0119trzny 13 &#8211; Niepo\u0142omice Gmina, Niepo\u0142omice Miasto, K\u0142aj Gmina 12 288 04 88 wewn\u0119trzny 14 &#8211; U\u017cytkowania, Wieliczka Gmina 12 288 04 88 wewn\u0119trzny 15 &#8211; Wieliczka Miasto, Gd\u00f3w Gmina, Biskupice Gmina [&hellip;]<\/p>\n","protected":false},"author":1,"featured_media":0,"parent":0,"menu_order":0,"comment_status":"closed","ping_status":"closed","template":"","meta":{"footnotes":""},"class_list":["post-23","page","type-page","status-publish","hentry"],"_links":{"self":[{"href":"https:\/\/wieliczka.pinb.gov.pl\/index.php\/wp-json\/wp\/v2\/pages\/23","targetHints":{"allow":["GET"]}}],"collection":[{"href":"https:\/\/wieliczka.pinb.gov.pl\/index.php\/wp-json\/wp\/v2\/pages"}],"about":[{"href":"https:\/\/wieliczka.pinb.gov.pl\/index.php\/wp-json\/wp\/v2\/types\/page"}],"author":[{"embeddable":true,"href":"https:\/\/wieliczka.pinb.gov.pl\/index.php\/wp-json\/wp\/v2\/users\/1"}],"replies":[{"embeddable":true,"href":"https:\/\/wieliczka.pinb.gov.pl\/index.php\/wp-json\/wp\/v2\/comments?post=23"}],"version-history":[{"count":64,"href":"https:\/\/wieliczka.pinb.gov.pl\/index.php\/wp-json\/wp\/v2\/pages\/23\/revisions"}],"predecessor-version":[{"id":1170,"href":"https:\/\/wieliczka.pinb.gov.pl\/index.php\/wp-json\/wp\/v2\/pages\/23\/revisions\/1170"}],"wp:attachment":[{"href":"https:\/\/wieliczka.pinb.gov.pl\/index.php\/wp-json\/wp\/v2\/media?parent=23"}],"curies":[{"name":"wp","href":"https:\/\/api.w.org\/{rel}","templated":true}]}}