{"id":1086,"date":"2025-03-10T14:47:40","date_gmt":"2025-03-10T13:47:40","guid":{"rendered":"https:\/\/wieliczka.pinb.gov.pl\/?page_id=1086"},"modified":"2025-03-10T14:57:46","modified_gmt":"2025-03-10T13:57:46","slug":"raport-o-stanie-zapewnienia-dostepnosci","status":"publish","type":"page","link":"https:\/\/wieliczka.pinb.gov.pl\/index.php\/raport-o-stanie-zapewnienia-dostepnosci\/","title":{"rendered":"RAPORT O STANIE ZAPEWNIENIA DOST\u0118PNO\u015aCI"},"content":{"rendered":"<p><a href=\"https:\/\/wieliczka.pinb.gov.pl\/wp-content\/uploads\/2025\/03\/Xerox-Scan_10032025150118.pdf\">Raport o stanie zapewnienia dost\u0119pno\u015bci podmiotu publicznego 2025 r.<\/a><\/p>\n<p><a href=\"https:\/\/wieliczka.pinb.gov.pl\/wp-content\/uploads\/2025\/03\/raport_dostepnosc-4.pdf\">Raport o stanie zapewnienia dost\u0119pno\u015bci podmiotu publicznego 2021 r.<\/a><\/p>\n","protected":false},"excerpt":{"rendered":"<p>Raport o stanie zapewnienia dost\u0119pno\u015bci podmiotu publicznego 2025 r. Raport o stanie zapewnienia dost\u0119pno\u015bci podmiotu publicznego 2021 r.<\/p>\n","protected":false},"author":1,"featured_media":0,"parent":0,"menu_order":0,"comment_status":"closed","ping_status":"closed","template":"","meta":{"footnotes":""},"class_list":["post-1086","page","type-page","status-publish","hentry"],"_links":{"self":[{"href":"https:\/\/wieliczka.pinb.gov.pl\/index.php\/wp-json\/wp\/v2\/pages\/1086","targetHints":{"allow":["GET"]}}],"collection":[{"href":"https:\/\/wieliczka.pinb.gov.pl\/index.php\/wp-json\/wp\/v2\/pages"}],"about":[{"href":"https:\/\/wieliczka.pinb.gov.pl\/index.php\/wp-json\/wp\/v2\/types\/page"}],"author":[{"embeddable":true,"href":"https:\/\/wieliczka.pinb.gov.pl\/index.php\/wp-json\/wp\/v2\/users\/1"}],"replies":[{"embeddable":true,"href":"https:\/\/wieliczka.pinb.gov.pl\/index.php\/wp-json\/wp\/v2\/comments?post=1086"}],"version-history":[{"count":3,"href":"https:\/\/wieliczka.pinb.gov.pl\/index.php\/wp-json\/wp\/v2\/pages\/1086\/revisions"}],"predecessor-version":[{"id":1094,"href":"https:\/\/wieliczka.pinb.gov.pl\/index.php\/wp-json\/wp\/v2\/pages\/1086\/revisions\/1094"}],"wp:attachment":[{"href":"https:\/\/wieliczka.pinb.gov.pl\/index.php\/wp-json\/wp\/v2\/media?parent=1086"}],"curies":[{"name":"wp","href":"https:\/\/api.w.org\/{rel}","templated":true}]}}